{"id":175,"date":"2020-10-22T14:14:16","date_gmt":"2020-10-22T11:14:16","guid":{"rendered":"https:\/\/ugdelektronikatik.com\/?page_id=175"},"modified":"2020-11-12T09:48:27","modified_gmt":"2020-11-12T06:48:27","slug":"kablo-geri-donusumu","status":"publish","type":"page","link":"https:\/\/ugdelektronikatik.com\/index.php\/kablo-geri-donusumu\/","title":{"rendered":"Kablo Geri D\u00f6n\u00fc\u015f\u00fcm\u00fc"},"content":{"rendered":"\n\n  <div class=\"banner has-hover\" id=\"banner-1568136983\">\n          <div class=\"banner-inner fill\">\n        <div class=\"banner-bg fill\" >\n            <img loading=\"lazy\" decoding=\"async\" width=\"1920\" height=\"488\" src=\"https:\/\/ugdelektronikatik.com\/wp-content\/uploads\/2020\/11\/kablo-donusumu.jpg\" class=\"bg attachment-original size-original\" alt=\"\" \/>                                    \n                    <\/div>\n\t\t\n        <div class=\"banner-layers container\">\n            <div class=\"fill banner-link\"><\/div>            \n\n\n        <\/div>\n      <\/div>\n\n            \n<style>\n#banner-1568136983 {\n  padding-top: 18%;\n}\n#banner-1568136983 .banner-bg img {\n  object-position: 49% 100%;\n}\n<\/style>\n  <\/div>\n\n\n\t<div id=\"gap-1819392437\" class=\"gap-element clearfix\" style=\"display:block; height:auto;\">\n\t\t\n<style>\n#gap-1819392437 {\n  padding-top: 20px;\n}\n<\/style>\n\t<\/div>\n\t\n\n\n\n\n<h1 class=\"wp-block-heading\">Kablo Geri D\u00f6n\u00fc\u015f\u00fcm\u00fc<\/h1>\n\n<p><br>Kablolar d\u0131\u015f\u0131 plastikle kapl\u0131 olup i\u00e7i genellikle bak\u0131r maddesinden olu\u015fan ve elektronik i\u015flerinde kullan\u0131lan malzemeler aras\u0131ndad\u0131r. \u00c7ok fazla de\u011fer verilmeyip i\u015flevini yitirenler do\u011faya b\u0131rakabilir. Asl\u0131nda bunun yerine toplanarak geri d\u00f6n\u00fc\u015f\u00fcme verilmesi daha faydal\u0131 olacakt\u0131r.<br>Kablo geri d\u00f6n\u00fc\u015f\u00fcm\u00fc di\u011fer maddelere nazaran daha u\u011fra\u015ft\u0131r\u0131c\u0131 olsa da, binlercesi toplanarak ince ve minik par\u00e7alara ayr\u0131larak yeniden de\u011fer kazand\u0131r\u0131l\u0131r. Kablolar\u0131n i\u00e7indeki bak\u0131r ve al\u00fcminyum maddesi defalarca geri d\u00f6n\u00fc\u015ft\u00fcr\u00fclerek yeniden kazan\u0131labilir. Bu \u00f6zelliklere sahip oldu\u011fu i\u00e7in de maddi a\u00e7\u0131dan olduk\u00e7a fayda sa\u011flar. Geri d\u00f6n\u00fc\u015f\u00fcm \u00f6ncesinde plastik d\u0131\u015f y\u00fczey ile metal i\u00e7 y\u00fczey ayr\u0131 ayr\u0131 par\u00e7alara ayr\u0131larak incelenir.<\/p>\n\n<h2 class=\"wp-block-heading\"><br>Kablo Geri D\u00f6n\u00fc\u015f\u00fcm\u00fc Faydalar\u0131<\/h2>\n\n<p><br>Kablo geri d\u00f6n\u00fc\u015f\u00fcm\u00fc faydalar\u0131n\u0131n en \u00f6nde geleni, her yerde ihtiya\u00e7 duyulan bu malzemenin israf olmamas\u0131d\u0131r. Do\u011fa da bulunan ve \u00e7\u00f6p gibi at\u0131lan kablolar asl\u0131nda iletken bir \u00f6zelli\u011fe sahip oldu\u011fu i\u00e7in de\u011feri de y\u00fcksektir. Bu a\u00e7\u0131dan parayla sat\u0131n al\u0131nmas\u0131 yerine geri d\u00f6n\u00fc\u015f\u00fcm\u00fc sayesinde pvc, al\u00fcminyum, bak\u0131r gibi \u00fcr\u00fcnler elde edilir. Ekonomiye yeniden kazand\u0131r\u0131lmas\u0131 ve \u00e7evre kirlili\u011fini de d\u00fc\u015f\u00fcrmesi sayesinde karl\u0131 bir i\u015flemdir.<\/p>\n\n<h3 class=\"wp-block-heading\"><br>Kablo Geri D\u00f6n\u00fc\u015f\u00fcm A\u015famas\u0131<\/h3>\n\n<p><br>Kablo k\u0131rma makineleri ile b\u00fct\u00fcn metal ve plastik k\u0131s\u0131mlar\u0131 par\u00e7alan\u0131r ve iyice soyulduktan sonra birbirinden ayr\u0131l\u0131r. Daha sonra a\u011f\u0131rl\u0131\u011f\u0131, sertli\u011fi, hacmi gibi \u00f6zellikleri de iyice ayr\u0131ld\u0131ktan sonra bak\u0131r, hdpe, pvc, al\u00fcminyum gibi en uygun olan malzemeye d\u00f6n\u00fc\u015ft\u00fcr\u00fcl\u00fcr.<\/p>\n","protected":false},"excerpt":{"rendered":"<p>Kablo Geri D\u00f6n\u00fc\u015f\u00fcm\u00fc Kablolar d\u0131\u015f\u0131 plastikle kapl\u0131 olup i\u00e7i genellikle bak\u0131r maddesinden olu\u015fan ve elektronik i\u015flerinde kullan\u0131lan malzemeler aras\u0131ndad\u0131r. \u00c7ok fazla de\u011fer verilmeyip i\u015flevini yitirenler do\u011faya b\u0131rakabilir. Asl\u0131nda bunun yerine toplanarak geri d\u00f6n\u00fc\u015f\u00fcme verilmesi daha faydal\u0131 olacakt\u0131r.Kablo geri d\u00f6n\u00fc\u015f\u00fcm\u00fc di\u011fer maddelere nazaran daha u\u011fra\u015ft\u0131r\u0131c\u0131 olsa da, binlercesi toplanarak ince ve minik par\u00e7alara ayr\u0131larak yeniden de\u011fer [&#8230;]\n","protected":false},"author":1,"featured_media":0,"parent":0,"menu_order":0,"comment_status":"closed","ping_status":"closed","template":"","meta":{"footnotes":""},"class_list":["post-175","page","type-page","status-publish","hentry"],"yoast_head":"<!-- This site is optimized with the Yoast SEO plugin v26.9 - https:\/\/yoast.com\/product\/yoast-seo-wordpress\/ -->\n<title>Kablo Geri D\u00f6n\u00fc\u015f\u00fcm\u00fc - UGD Elektronik At\u0131k<\/title>\n<meta name=\"robots\" content=\"index, follow, max-snippet:-1, max-image-preview:large, max-video-preview:-1\" \/>\n<link rel=\"canonical\" href=\"https:\/\/ugdelektronikatik.com\/index.php\/kablo-geri-donusumu\/\" \/>\n<meta property=\"og:locale\" content=\"tr_TR\" \/>\n<meta property=\"og:type\" content=\"article\" \/>\n<meta property=\"og:title\" content=\"Kablo Geri D\u00f6n\u00fc\u015f\u00fcm\u00fc - UGD Elektronik At\u0131k\" \/>\n<meta property=\"og:description\" content=\"Kablo Geri D\u00f6n\u00fc\u015f\u00fcm\u00fc Kablolar d\u0131\u015f\u0131 plastikle kapl\u0131 olup i\u00e7i genellikle bak\u0131r maddesinden olu\u015fan ve elektronik i\u015flerinde kullan\u0131lan malzemeler aras\u0131ndad\u0131r. \u00c7ok fazla de\u011fer verilmeyip i\u015flevini yitirenler do\u011faya b\u0131rakabilir. Asl\u0131nda bunun yerine toplanarak geri d\u00f6n\u00fc\u015f\u00fcme verilmesi daha faydal\u0131 olacakt\u0131r.Kablo geri d\u00f6n\u00fc\u015f\u00fcm\u00fc di\u011fer maddelere nazaran daha u\u011fra\u015ft\u0131r\u0131c\u0131 olsa da, binlercesi toplanarak ince ve minik par\u00e7alara ayr\u0131larak yeniden de\u011fer [...]\" \/>\n<meta property=\"og:url\" content=\"https:\/\/ugdelektronikatik.com\/index.php\/kablo-geri-donusumu\/\" \/>\n<meta property=\"og:site_name\" content=\"UGD Elektronik At\u0131k\" \/>\n<meta property=\"article:modified_time\" content=\"2020-11-12T06:48:27+00:00\" \/>\n<meta name=\"twitter:card\" content=\"summary_large_image\" \/>\n<meta name=\"twitter:label1\" content=\"Tahmini okuma s\u00fcresi\" \/>\n\t<meta name=\"twitter:data1\" content=\"2 dakika\" \/>\n<script type=\"application\/ld+json\" class=\"yoast-schema-graph\">{\"@context\":\"https:\/\/schema.org\",\"@graph\":[{\"@type\":\"WebPage\",\"@id\":\"https:\/\/ugdelektronikatik.com\/index.php\/kablo-geri-donusumu\/\",\"url\":\"https:\/\/ugdelektronikatik.com\/index.php\/kablo-geri-donusumu\/\",\"name\":\"Kablo Geri D\u00f6n\u00fc\u015f\u00fcm\u00fc - UGD Elektronik At\u0131k\",\"isPartOf\":{\"@id\":\"https:\/\/ugdelektronikatik.com\/#website\"},\"datePublished\":\"2020-10-22T11:14:16+00:00\",\"dateModified\":\"2020-11-12T06:48:27+00:00\",\"breadcrumb\":{\"@id\":\"https:\/\/ugdelektronikatik.com\/index.php\/kablo-geri-donusumu\/#breadcrumb\"},\"inLanguage\":\"tr\",\"potentialAction\":[{\"@type\":\"ReadAction\",\"target\":[\"https:\/\/ugdelektronikatik.com\/index.php\/kablo-geri-donusumu\/\"]}]},{\"@type\":\"BreadcrumbList\",\"@id\":\"https:\/\/ugdelektronikatik.com\/index.php\/kablo-geri-donusumu\/#breadcrumb\",\"itemListElement\":[{\"@type\":\"ListItem\",\"position\":1,\"name\":\"Ana sayfa\",\"item\":\"https:\/\/ugdelektronikatik.com\/\"},{\"@type\":\"ListItem\",\"position\":2,\"name\":\"Kablo Geri D\u00f6n\u00fc\u015f\u00fcm\u00fc\"}]},{\"@type\":\"WebSite\",\"@id\":\"https:\/\/ugdelektronikatik.com\/#website\",\"url\":\"https:\/\/ugdelektronikatik.com\/\",\"name\":\"UGD Elektronik At\u0131k\",\"description\":\"Bir ba\u015fka WordPress sitesi\",\"potentialAction\":[{\"@type\":\"SearchAction\",\"target\":{\"@type\":\"EntryPoint\",\"urlTemplate\":\"https:\/\/ugdelektronikatik.com\/?s={search_term_string}\"},\"query-input\":{\"@type\":\"PropertyValueSpecification\",\"valueRequired\":true,\"valueName\":\"search_term_string\"}}],\"inLanguage\":\"tr\"}]}<\/script>\n<!-- \/ Yoast SEO plugin. -->","yoast_head_json":{"title":"Kablo Geri D\u00f6n\u00fc\u015f\u00fcm\u00fc - UGD Elektronik At\u0131k","robots":{"index":"index","follow":"follow","max-snippet":"max-snippet:-1","max-image-preview":"max-image-preview:large","max-video-preview":"max-video-preview:-1"},"canonical":"https:\/\/ugdelektronikatik.com\/index.php\/kablo-geri-donusumu\/","og_locale":"tr_TR","og_type":"article","og_title":"Kablo Geri D\u00f6n\u00fc\u015f\u00fcm\u00fc - UGD Elektronik At\u0131k","og_description":"Kablo Geri D\u00f6n\u00fc\u015f\u00fcm\u00fc Kablolar d\u0131\u015f\u0131 plastikle kapl\u0131 olup i\u00e7i genellikle bak\u0131r maddesinden olu\u015fan ve elektronik i\u015flerinde kullan\u0131lan malzemeler aras\u0131ndad\u0131r. \u00c7ok fazla de\u011fer verilmeyip i\u015flevini yitirenler do\u011faya b\u0131rakabilir. Asl\u0131nda bunun yerine toplanarak geri d\u00f6n\u00fc\u015f\u00fcme verilmesi daha faydal\u0131 olacakt\u0131r.Kablo geri d\u00f6n\u00fc\u015f\u00fcm\u00fc di\u011fer maddelere nazaran daha u\u011fra\u015ft\u0131r\u0131c\u0131 olsa da, binlercesi toplanarak ince ve minik par\u00e7alara ayr\u0131larak yeniden de\u011fer [...]","og_url":"https:\/\/ugdelektronikatik.com\/index.php\/kablo-geri-donusumu\/","og_site_name":"UGD Elektronik At\u0131k","article_modified_time":"2020-11-12T06:48:27+00:00","twitter_card":"summary_large_image","twitter_misc":{"Tahmini okuma s\u00fcresi":"2 dakika"},"schema":{"@context":"https:\/\/schema.org","@graph":[{"@type":"WebPage","@id":"https:\/\/ugdelektronikatik.com\/index.php\/kablo-geri-donusumu\/","url":"https:\/\/ugdelektronikatik.com\/index.php\/kablo-geri-donusumu\/","name":"Kablo Geri D\u00f6n\u00fc\u015f\u00fcm\u00fc - UGD Elektronik At\u0131k","isPartOf":{"@id":"https:\/\/ugdelektronikatik.com\/#website"},"datePublished":"2020-10-22T11:14:16+00:00","dateModified":"2020-11-12T06:48:27+00:00","breadcrumb":{"@id":"https:\/\/ugdelektronikatik.com\/index.php\/kablo-geri-donusumu\/#breadcrumb"},"inLanguage":"tr","potentialAction":[{"@type":"ReadAction","target":["https:\/\/ugdelektronikatik.com\/index.php\/kablo-geri-donusumu\/"]}]},{"@type":"BreadcrumbList","@id":"https:\/\/ugdelektronikatik.com\/index.php\/kablo-geri-donusumu\/#breadcrumb","itemListElement":[{"@type":"ListItem","position":1,"name":"Ana sayfa","item":"https:\/\/ugdelektronikatik.com\/"},{"@type":"ListItem","position":2,"name":"Kablo Geri D\u00f6n\u00fc\u015f\u00fcm\u00fc"}]},{"@type":"WebSite","@id":"https:\/\/ugdelektronikatik.com\/#website","url":"https:\/\/ugdelektronikatik.com\/","name":"UGD Elektronik At\u0131k","description":"Bir ba\u015fka WordPress sitesi","potentialAction":[{"@type":"SearchAction","target":{"@type":"EntryPoint","urlTemplate":"https:\/\/ugdelektronikatik.com\/?s={search_term_string}"},"query-input":{"@type":"PropertyValueSpecification","valueRequired":true,"valueName":"search_term_string"}}],"inLanguage":"tr"}]}},"_links":{"self":[{"href":"https:\/\/ugdelektronikatik.com\/index.php\/wp-json\/wp\/v2\/pages\/175","targetHints":{"allow":["GET"]}}],"collection":[{"href":"https:\/\/ugdelektronikatik.com\/index.php\/wp-json\/wp\/v2\/pages"}],"about":[{"href":"https:\/\/ugdelektronikatik.com\/index.php\/wp-json\/wp\/v2\/types\/page"}],"author":[{"embeddable":true,"href":"https:\/\/ugdelektronikatik.com\/index.php\/wp-json\/wp\/v2\/users\/1"}],"replies":[{"embeddable":true,"href":"https:\/\/ugdelektronikatik.com\/index.php\/wp-json\/wp\/v2\/comments?post=175"}],"version-history":[{"count":5,"href":"https:\/\/ugdelektronikatik.com\/index.php\/wp-json\/wp\/v2\/pages\/175\/revisions"}],"predecessor-version":[{"id":292,"href":"https:\/\/ugdelektronikatik.com\/index.php\/wp-json\/wp\/v2\/pages\/175\/revisions\/292"}],"wp:attachment":[{"href":"https:\/\/ugdelektronikatik.com\/index.php\/wp-json\/wp\/v2\/media?parent=175"}],"curies":[{"name":"wp","href":"https:\/\/api.w.org\/{rel}","templated":true}]}}